e the greatest common divisor of i and 105.
15
Suppose 0 = 2*g + 4*c - 82, -3*g + 2*c + 5 = -94. What is the highest common factor of 280 and g?
35
Let n = -5 + 8. Let m be -6*2*n/(-12). Calculate the highest common divisor of m and 24.
3
Let p be (-3 + -27)*12/(-9). What is the highest common divisor of 5 and p?
5
Suppose -5*q + s + 45 = 3*s, 0 = -3*s. Let w be -4 + 0 + 3 + -4. Let b(y) = -8*y - 4. Let v be b(w). What is the greatest common factor of q and v?
9
Let g = 7 + 5. Let z(v) = -v + 1. Let q be z(4). Let k = 9 - q. What is the greatest common factor of g and k?
12
Let g = 16 + 6. Let u(n) = -n**2 + n + 154. Let a be u(0). Calculate the greatest common factor of a and g.
22
Suppose -8*a + 4*a = -20. Suppose a*p = -r + 12, -3*r + 2*p = -8*r + 37. What is the greatest common factor of 56 and r?
7
Let f(n) = -10*n. Let q be f(-1). Suppose 5*j = -i - 14, -i + 0*i + 13 = -4*j. Let v be (10*i)/(2/8). Calculate the greatest common divisor of q and v.
10
Let j = 6 + -4. Let u(d) = -4*d + 4. Let p(t) = -t - 1. Let o(y) = -3*p(y) + u(y). Let b be o(5). What is the highest common factor of b and j?
2
Let l = -35 + 116. Let q be 52/6 + 1/3. Calculate the highest common factor of q and l.
9
Let d be (-260)/(-22) - 10/(-55). What is the greatest common factor of d and 132?
12
Let m(v) = 14*v + 14. Let c be m(7). Calculate the greatest common factor of 28 and c.
28
Let k = 7 + -8. Let c = k + 6. Suppose c*n = n + 28. What is the greatest common factor of n and 77?
7
Suppose -10*w - 56 = -3*w. Let y = 29 + w. Suppose -4*r = 4*t - 0*r - 24, 5*r - 23 = -4*t. Calculate the highest common divisor of y and t.
7
Let m = -6 - -8. Suppose -k + 3*c = k + 2, -2*k + 8 = m*c. Calculate the highest common factor of k and 1.
1
Suppose 0 = -43*g + 40*g + 36. What is the highest common divisor of 18 and g?
6
Let n be (11/(-3) - -2)*-3. Calculate the greatest common factor of 15 and n.
5
Suppose 2*n = 5*n - 6. Suppose -12 = -x - n. Calculate the highest common factor of 40 and x.
10
Suppose 4 = w - 0*w. Let z be w/14 + 66/14. Suppose 3*v = 2*b - 36, z*b = 2*b - v + 65. What is the highest common factor of b and 7?
7
Let o = 265 + -146. Calculate the highest common divisor of 17 and o.
17
Suppose 0 = 4*q + r - 20, -3*q + 4*r + 0 = 4. Suppose -x + q*x = 18. Calculate the greatest common factor of 2 and x.
2
Let q(l) = 7*l - 3 + 11*l - 3 + 10. Let p be q(2). Calculate the highest common factor of 8 and p.
8
Let x = -45 - -70. What is the highest common divisor of 5 and x?
5
Suppose -4*c = -5*c - b + 26, 3*c + 5*b - 86 = 0. Calculate the highest common divisor of c and 55.
11
Let l(p) = 12*p + 4. Let f be l(-3). Let w = -23 - f. Let t(z) = z**3 - 9*z**2 + z + 6. Let n be t(w). Calculate the highest common divisor of n and 6.
3
Suppose n = -c + 24, c + 0 = -4*n + 39. Calculate the highest common factor of 171 and c.
19
Suppose -10 = 2*x - 7*x. Suppose x*l + 0 = 20. Calculate the greatest common divisor of 30 and l.
10
Let p(t) be the third derivative of -t**6/120 + t**5/12 - t**3/3 - t**2. Let z be p(4). Calculate the highest common divisor of 126 and z.
14
Let i(q) = q**2 - 12*q - 1. Let g be i(10). Let l = g - -35. Let u(y) = -y**2 - 10*y + 18. Let b be u(-11). Calculate the highest common divisor of l and b.
7
Let i = 90 + -39. Let s be (-2)/(3 + i/(-15)). Calculate the greatest common divisor of s and 20.
5
Let h(l) = -l + 1. Let t(n) = -6*n - 5. Suppose 15 = -6*v + v. Let m(s) = v*h(s) + t(s). Let o be m(-6). Calculate the greatest common factor of o and 80.
10
Let k = 10 - 7. Let i(t) = t**3 + t**2 + 4*t - 4. Let a be i(k). Calculate the highest common divisor of 11 and a.
11
Let z(q) = 3*q**2 + q. Let u = -9 + 6. Let o be z(u). Suppose -t + o = 3. Calculate the greatest common factor of t and 14.
7
Let v be 3/(70/65 - 1). Calculate the highest common divisor of 39 and v.
39
Let i = -20 - -35. Let w be 2 + 6/(-4)*-2. Suppose -w*p = 4*t - 217, 4*p = -0*t + 5*t + 190. What is the highest common factor of i and p?
15
Suppose 5*q + 57 + 23 = 0. Let c = q + 32. Calculate the highest common divisor of c and 2.
2
Let g(f) = 5*f - 3. Suppose 12 = 3*w + 3. Let b be g(w). Calculate the greatest common factor of b and 60.
12
Let i be (-2)/4*2 + 5. Suppose 72 = -3*g + i*g. What is the highest common divisor of g and 8?
8
Let l = -9 - -13. Let p be 23/l - 2/(-8). Let t be 3/(-2)*(-4)/p. What is the greatest common divisor of t and 3?
1
Let o(n) = -16*n**2 + 29*n**2 - 5*n + 2*n. Let x be o(3). What is the greatest common factor of 12 and x?
12
Let x = 46 + -10. Calculate the highest common factor of x and 108.
36
Suppose 12 = 3*g, -2*i - 4*g + 8 + 4 = 0. Let o be (18/(-21))/(i/56). Suppose -d - 9 = -o. What is the greatest common factor of d and 60?
15
Let h = 1 + 2. Suppose -h*c - 1 + 13 = 0. Suppose 50 = x - 5*m, 3*m = c*x - 0*m - 132. Calculate the greatest common factor of 6 and x.
6
Let a = 24 - -11. What is the greatest common divisor of a and 14?
7
Let c(u) = 2*u**2 - 7*u + 1. Suppose 2*y + 0*y + 5 = -d, y + 15 = 2*d. Let j be c(d). What is the highest common factor of j and 4?
4
Suppose 0 = 12*c - 16*c + 36. What is the greatest common factor of 72 and c?
9
Let m(f) = -13*f - 1. Let v be m(-1). Let a be 3/2 - (-3)/(-6). Let g be -2 + (3 - (-2 - a)). What is the greatest common divisor of v and g?
4
Let z(v) = v**3 - 3 + v**3 - 3*v**2 - 3 + 4*v + 3. Suppose 4 = 3*b + t, 0*t - t - 4 = -b. Let i be z(b). What is the highest common factor of 54 and i?
9
Let p = 12 - 4. Let o = p + -5. Calculate the highest common divisor of 15 and o.
3
Let n(j) = 3*j - 3. Let p(i) = i**3 - 6*i**2 + i. Let h be p(6). Let t be n(h). What is the highest common factor of 3 and t?
3
Let j be 414 - (0 - -3 - 1). Suppose 4*x = -12 + j. Suppose -4*d - x = -4*r, -r = -0*r - 3*d - 31. Calculate the greatest common factor of 198 and r.
22
Suppose 0 = 3*f + 1 - 7. Calculate the highest common divisor of f and 14.
2
Let v(t) = -3*t**2 + 39*t**2 - 9*t**2 - 1. Let o be v(1). Calculate the greatest common factor of o and 39.
13
Let r be (0 - -1)*(-19 + 21). Suppose 0 = t + 5*y - 31, 0 = -4*y + 14 - r. Suppose -3*l = -0*l - 6. What is the highest common divisor of t and l?
2
Let n = 159 + -110. Suppose 167 = 3*q - n. Suppose j = 3*j - q. Calculate the greatest common factor of j and 4.
4
Let x(p) = -p**2 + 5*p + 23. Let t be x(7). Let s be (-6)/4*126/(-3). Calculate the highest common factor of s and t.
9
Suppose -6*s - 11 + 53 = 0. Calculate the greatest common factor of s and 91.
7
Suppose 2*a - 6 = 2*l, 4*a + 3*l = l. Let i(u) = -u**3 - 7*u**2 - 9*u - 9. Let h = 0 + -6. Let w be i(h). Calculate the greatest common factor of w and a.
1
Let f = 96 + -15. What is the greatest common factor of 9 and f?
9
Let c be (-26)/(-8) + 1/(-4). Suppose -5*u + 35 = 2*v, -2*u + 15 = c*v - 65. Suppose q + q = v. What is the highest common factor of q and 3?
3
Suppose -6*z + 164 + 160 = 0. What is the greatest common divisor of 18 and z?
18
Suppose a = -0*w + w + 3, 15 = 3*w. Calculate the highest common divisor of a and 72.
8
Let v(q) = -q**3 - 5*q**2 + 7*q + 9. Let c = -7 + 1. Let i be v(c). Suppose -26 = i*h - 5*h. Calculate the greatest common divisor of 39 and h.
13
Suppose 8*w = 3*w + 115. Suppose 5*t = -z + w, 8*z - 4*z = -3*t + 92. Suppose 3*h = 52 + z. Calculate the greatest common factor of h and 10.
5
Let a = 4 - 4. Let h be (a + 3)/3*5. Calculate the greatest common factor of h and 5.
5
Suppose 4*r - 5 - 7 = 0. Suppose -r*v + 38 = -157. Let h(i) = -i**2 + 9*i - 5. Let c be h(6). Calculate the highest common divisor of c and v.
13
Suppose -2*r = 2*r + g - 71, 5*g = -2*r + 31. What is the highest common factor of r and 12?
6
Let n = 6 + 4. Let x = 0 - 1. Let k = n - x. What is the greatest common factor of 121 and k?
11
Let n(u) = -5*u**3 - u**2. Let x be n(-1). Let y be ((-5)/x)/((-8)/32). Suppose y*t - 5 - 5 = 0. Calculate the greatest common divisor of 5 and t.
1
Let s(y) = -y + 14. Let b be s(5). Let q = 100 - 28. What is the highest common divisor of b and q?
9
Suppose -6*u = -u - 15. Let p(l) = -l + 3. Let a be p(u). Suppose a = -2*g + 3*g + 3, -2*g - 22 = -2*o. Calculate the highest common divisor of o and 32.
8
Suppose -n - 57 = -2*n - 5*d, -4*n + 213 = 5*d. Suppose -r + n = 16. What is the greatest co